 13
40
-34 + 80 + -14 + -19
13
Calculate (21 - 38) + 0 - (8 + 2 + -71).
44
Calculate -14 + (35 - (-60 + 24 - -81)).
-24
What is 4 - ((-65 - -43) + 65)?
-39
-8 + 56 - 4 - (41 + -56)
59
Calculate 17 - (-3 - 130 - (-17 - 2)).
131
What is -6 + (49 - (-21 + 45))?
19
Evaluate -45 + -1 + 54 + -50 - 12.
-54
Evaluate 14 - -3 - (30 - -10) - -20.
-3
What is the value of 85 + 0 + -2106 + 2025?
4
Evaluate 9 - (3 + 0 + 0 - 69 - (850 + -862)).
63
Evaluate 30 + (-97 - (-54 - -43)).
-56
Evaluate -63 + 71 + (71 - 11) - -10.
78
Evaluate ((17 - 28) + 36 - 16) + 3.
12
Evaluate -12 + 2 + -72 + 125 + -70.
-27
What is the value of -4 + 298 + -195 - (20 - -1)?
78
Calculate -34 + (-17 - -19) + 27 - (-1 + 1 + 6).
-11
6 + (-46 - (43 - 45))
-38
Evaluate (-2 + -5 + 4 + -1 - (-18 + 25)) + 2.
-9
-14 + 20 + (2 - 18 - (2 - 7)) + 49
44
Calculate -40 + 86 + -133 + 114.
27
Evaluate (-9 - 19) + 48 + -9 + 5.
16
Calculate -4 - (-6 - (-12 + 20) - -11) - 11.
-12
846 - 771 - (1 - -11)
63
Evaluate (-158 - -58) + (26 - 10) + (-1 + -2 - -5).
-82
What is 8 - (41 - 1 - (6 + 13 + 14 - 35))?
-34
Calculate (0 - 65) + -29 + 29 - -14 - -7.
-44
What is 1 + -222 - (-15829 - -15713)?
-105
Calculate -1 - -14 - ((-70 - -19 - (-31 - -12)) + 33).
12
Calculate 45566 + -45524 - (1 - (-54 - 0)).
-13
What is the value of -38 + -1 - (-19415 - -19333)?
43
(57 - -2) + (18 - 7) + -29
41
What is (-6 - -2 - (2 - 10)) + (6 - -8 - 10)?
8
What is -29 - (403 + -403 - (-2 - -2))?
-29
Evaluate -5 + -14 + (4 + -18 - (-8 + 2 - -1)).
-28
170 + -100 - 74 - -50
46
Evaluate (15 - (-5 + 31) - -11) + (0 - 10).
-10
Calculate ((30 - 37) + -28 - -112) + (-4 - -27).
100
Evaluate (-8 - (58 + 5)) + 3 + 32.
-36
What is the value of (-542 - -532) + (0 + 0 - (-16 + 21))?
-15
Evaluate (-26 - (6 + (-12 - -7))) + -43.
-70
Calculate -10 + 10 + -8 + 5.
-3
Evaluate -60 + 7 + (20 - (-4 - -15)).
-44
What is the value of (-37 - (-27 + 4 + 3)) + -39?
-56
52 + 45 - (75 + -33 - 65)
120
Calculate (-1 - -3) + -38 + (1 - 8) + (315 - 314).
-42
(-2 - 0 - ((3 - 4) + -3)) + 3 + -13
-8
Calculate -10 + 3 + (386 - 394) + 61 + 1.
47
What is the value of (67 - ((-16 - -10) + 21)) + -14?
38
Evaluate -14 - -16 - ((-62 - -71) + -1 + -2 + 53).
-57
What is the value of 25 - (412 + -407 - (-2 + 2))?
20
Evaluate (1 + 5 - (260 + -252) - 8) + -20.
-30
-600 - -661 - (28 + 69)
-36
(7 - (-17 - -5 - -26)) + 47 + 1
41
(-1 - -9) + (5 - (-18 + 18)) + 34 + -1
46
26 + (-22 - (6 - (2 + 11))) + 15
26
What is -5 - -8 - (3 - 0) - (-40 + (5 - -8))?
27
-4 + 76 + -78 + 4 + -2 + (1 - 23)
-26
Evaluate (45 + -5 - 5) + (343 - 421).
-43
-17 - (-103 - (-156 - -43))
-27
What is (24 - (6 - (24 - 36)) - -18) + -3?
21
Evaluate (94 - -19 - 64) + (-1 - 6) - -1.
43
What is -20 + 50 - (-10 - (-31 + -10 + 1 + 14))?
14
Evaluate -5 - -3 - (749 - 735).
-16
What is the value of -3 + 19 + 3 + 394 + -376?
37
35 - (6 - 30) - (9 - 1)
51
(-28 - -5) + (21 - 29) + -7
-38
Evaluate -8 - -1 - (-4 + (38 - 23) - 13).
-5
Evaluate -7 - -53 - 10 - (-6 + (4 - -1)).
37
What is the value of 20 + (5 - 57 - -1) + 4?
-27
Evaluate -179 + (6 - -117 - 16).
-72
Evaluate -19 + -20 - (11 - (53 - 27)).
-24
46 + (25 - 63) - (-2 - -56)
-46
Calculate 3 + 47 + (-7 - (7 - -1 - 6)).
41
What is the value of 8 + (13 - 7) + 7 + (28 - 98)?
-49
What is (-56 - -118 - (6 - -23)) + -23?
10
-2 - (0 + -1 - (47 - 51)) - -4 - 16
-17
Calculate -13 + 24 + -22 + (3 - (0 - -35)).
-43
What is -7 - ((-25 - (-3 - 17)) + 2)?
-4
What is -1 + 34 + (18 - (-23 + 14))?
60
What is -1 - 0 - (-48 + 10 + 1 + -15 + -16)?
67
What is the value of -34 - (-12 - 15 - -5) - (-1 - -82)?
-93
Calculate 12551 - 12595 - (8 - 1).
-51
What is (-108 - 49 - -261) + -8?
96
What is (8 - 61) + 42 - (0 - -16)?
-27
What is the value of -8 - (-22 - -33 - 14) - 37?
-42
Calculate -718 - -748 - (3 + -1).
28
(-155 - -233) + (10 - 11) + 26 + (-5 - 1)
97
What is -23 + (30 - ((3 - 0) + 13))?
-9
What is the value of 109 + (-52 - -71) + -73 - (6 + 0)?
49
What is -26 + (10 - -17) + 5?
6
What is -7 + 10 + -46 + 41 + 12 + 1 - 63?
-52
What is -9 + 43 + -5 - (1 + -15)?
43
Evaluate (-10 - 19) + 31 - (-17 - (3 - 2)).
20
Calculate 13 - ((-237 - -232) + (1 + 10 - (-1 - 0))).
6
What is -15 + 0 + (81 - (15 + 85))?
-34
Evaluate 1768 - 1718 - (15 - (2 + -3 + 2)).
36
-8 + -2 + -10 + (26 - (27 - -9))
-30
Calculate (0 - -3) + (-11 - (-123 + -1 - -3)) + 9.
122
-2 + 4 + -6 + -1 + 14 + (-173 - -97)
-67
-26 + 118 + (-51 + 26 - -49)
116
0 + 22 + (-11 - (33 - 48))
26
What is -94 - (-1 + (-35 - -23)) - -20?
-61
Evaluate 0 - (-12 + -1) - ((609 - 260) + -198).
-138
What is the value of 5 + -32 + -1 + 3 + (-44 - -50)?
-19
What is the value of (20 - 11 - 67) + (1 + 3 - 3 - 5)?
-62
What is the value of 194 - 196 - (133 - 1)?
-134
Calculate 34 + (-28 - 79) - -38.
-35
What is 4175 + -4056 - (-1 + 87)?
33
Evaluate (2 - (-2 - 2)) + -2 - (-22 + 160 + -67).
-67
Evaluate (2 - (-10 + -8 + 57)) + -3.
-40
What is the value of -1440 + 1458 + 0 + 7?
25
Calculate -26 + -1 + 3 + -6 - (-50 + -33 + 96).
-43
What is (-22 - -22) + -104 + 0 + -22 + (-2 - -27)?
-101
Calculate -594 + 526 - (-5 + -58).
-5
What is 3 + 46 - ((3 - -9) + -1) - (-10 + 1)?
47
What is (22 - 73) + (5 + -4 + 1 - (-2 + 0))?
-47
What is -52 + (-14 - -19) + 6 + 2 + 0?
-39
Evaluate 244 + -199 + (-16 - 4).
25
What is the value of -72 + (-26 - 11 - -79)?
-30
What is the value of 5 + (2 - 15) - (-38 - -56)?
-26
What is the value of (-48 - -168) + -182 - (-11 - 0)?
-51
What is the value of (-1 - 19) + 1 + (4 - 4 - 2)?
-21
(-47 - -22) + 11 + -3 + 24
7
What is 21 + -24 + -31 + -41?
-75
What is (3 + 11 - 13) + -7 - (10 + -14)?
-2
What is 7 - (-18 + -1 + (80 - 75) - 9 - 10)?
40
(13 + 11 + -8 - -14) + 66
96
What is 12 + -12 + 51 + -1 - 3 - (-914 + 917)?
44
What is the value of 61 - 0 - (2002 + -1865)?
-76
Evaluate -15 + 0 + 47 - 98.
-66
Calculate 19 - (-31 + -12 + 42).
20
What is (-5 - 4) + -33 - (19 + -23 + 14)?
-52
Evaluate (-6 - -12) + (4 - 100) + (106 - 106).
-90
What is 34 + (-42 - (-21 - 43)) + -25?
31
What is the value of -65 + -1 + 32 + (-44 - -68 - 36)?
-46
Evaluate (134 - (171 - 89)) + -64.
-12
Calculate 8 - 20 - -19 - 15 - (31 + 0 - 3).
-36
What is the value of -57 - 4 - (-18 - (-22 + 34) - (-20 + 4))?
-47
Calculate 5 + 2 + -19 - (-14 + 45 + -11).
-32
What is the value of -179 + 41 + 60 - -54?
-24
What is (-46 - (-87 + 48)) + 7 + -117 + 0?
-117
Calculate 0 - 8 - -21 - (143 - 192).
62
What is the value of -38 + (-103 - -259) + -195?
-77
What is the value of -59 + -14 + 38 + -13?
-48
(70 - 74 - (-6 + (-4 - -3)) - -9) + 8
20
Evaluate (17 - 52 - -37) + -7.
-5
What is (-15 + 73 - 37) + -17?
4
What is (-1 - -16) + (-16 - -81 - 112)?
-32
Calculate 13 + -23 - (222 + -200 + -1 + 1).
-32
Calculate 50 + (-22 - 13) + -50 + 2.
-33
What is 120 + (61 - 114) + 3 + -2?
68
Calculate 2 - (-16 + 32) - (21 + -7).
-28
What is the value of 17 + -4 - (-76 - -130)?
-41
Evaluate 1 + 7 + (12 - 52) + 31.
-1
30351 + -30258 - (141 + -1)
-47
What is the value of -21 - (-66 - -53) - 11?
-19
Evaluate 16 - (4 - (-14 + 35) - -107 - -17).
-91
What is the value of -136 + 108 - (-41 - 43)?
56
What is the value of 46 + -77 + (30 - -9)?
8
Calculate (84 - (42 + 158)) + (26 - 2).
-92
(17 - 10 - 12) + (11 - 18) - (-32 - -1)
19
-2 + -32 - (795 - 830)
1
What is the value of 113 - -10 - 85 - 86?
-48
What is 2 - (-27 - 3) - ((55 - 97) + 46)?
28
Calculate 5 + (0 + -1 + -2 - -1) - (-262 - -282).
-17
What is the value of -23 - -71 - 43 - (-2 + 3 - 74) - -5?
83
(0 + -15 - (-16 - (18 + -20))) + -50
-51
0 + -26 - (-2456 - -2468)
-38
16 + 1 + (-156 - -63)
-76
16 + (22 - 57) + -22
-41
Evaluate 5 + (-51 - -65) + -49.
-30
Evaluate -3375 + 3385 - (1 + (39 - -1)).
-31
88 + -7 + (2 - 17) + 13 + -5
74
What is the value of 37 + -18 + -4 + (-152 - -5) + -2?
-134
What is 8 + -91 + 99 + 20 + -1?
35
Calculate 13 + 0 + (-292 - -293) + 16 + -1.
29
What is -15 - -3 - (6 - (0 - 37)) - (-13 + 5)?
-47
What is the value of 6 + 22 + (7 + -13 - 0) + -12?
10
Evaluate 93 + -64 + 92 + -27 + (19 - 0).
113
What is 2511 - 2409 - (2 + (-2 - -29))?
73
What is (-57 - (-169 + 205)) + (15 - 2)?
-80
Calculate 36 - (488 - 419 - (12 + 1)).
-20
What is the value of -48 + -9 + 14 + (6 - 5) + -9?
-51
What is -25 + 14 + 7 + (59 - -4) + -1?
58
Evaluate -2 + (8 - 21) - (-11 + 24 + -19).
-9
What is the value of -1 - (-4 - 0) - -14 - (2811 + -2707)?
-87
(-95 -